hat is the remainder when 93325760 is divided by 685?
675
Calculate the remainder when 663376 is divided by 1360.
1056
What is the remainder when 2900073 is divided by 182?
85
Calculate the remainder when 1102364 is divided by 551121.
122
What is the remainder when 17881 is divided by 1944?
385
Calculate the remainder when 2200387 is divided by 26195.
7
What is the remainder when 375858 is divided by 48?
18
What is the remainder when 34797604 is divided by 10740?
4
Calculate the remainder when 784238 is divided by 195697.
1450
Calculate the remainder when 18322 is divided by 318.
196
Calculate the remainder when 604066 is divided by 12.
10
What is the remainder when 55354825 is divided by 3075268?
1
Calculate the remainder when 30025865 is divided by 26.
25
What is the remainder when 3959404 is divided by 1979702?
0
What is the remainder when 310432 is divided by 1449?
346
Calculate the remainder when 330561 is divided by 66096.
81
What is the remainder when 1289876 is divided by 21145?
31
What is the remainder when 182511 is divided by 36?
27
What is the remainder when 5822225 is divided by 2911112?
1
Calculate the remainder when 5770149 is divided by 240421.
45
What is the remainder when 2840111 is divided by 473346?
35
Calculate the remainder when 884869 is divided by 369.
7
Calculate the remainder when 4783436 is divided by 120.
116
What is the remainder when 116821641 is divided by 2433784?
9
Calculate the remainder when 1912 is divided by 1821.
91
What is the remainder when 4579477 is divided by 2289167?
1143
Calculate the remainder when 446839 is divided by 23512.
111
Calculate the remainder when 857238511 is divided by 595.
591
What is the remainder when 3190050 is divided by 918?
0
Calculate the remainder when 214938 is divided by 3642.
60
Calculate the remainder when 15994802 is divided by 78792.
26
Calculate the remainder when 46294299 is divided by 50.
49
What is the remainder when 40477 is divided by 19781?
915
What is the remainder when 518352 is divided by 1397?
65
Calculate the remainder when 25026 is divided by 11496.
2034
Calculate the remainder when 7895158 is divided by 212.
66
What is the remainder when 8871109 is divided by 4435548?
13
What is the remainder when 34918387 is divided by 163170?
7
What is the remainder when 14683349 is divided by 489444?
29
Calculate the remainder when 1118313 is divided by 67.
16
Calculate the remainder when 4894114 is divided by 4894107.
7
Calculate the remainder when 780701626 is divided by 111.
109
What is the remainder when 646023691 is divided by 3287?
3285
Calculate the remainder when 300518 is divided by 294641.
5877
Calculate the remainder when 65904878 is divided by 32952418.
42
Calculate the remainder when 254748 is divided by 1505.
403
What is the remainder when 504102 is divided by 187?
137
Calculate the remainder when 102548200 is divided by 146707.
7
Calculate the remainder when 147556 is divided by 36180.
2836
What is the remainder when 93551 is divided by 4677?
11
What is the remainder when 14727965 is divided by 490932?
5
What is the remainder when 2135787 is divided by 8246?
73
What is the remainder when 1069689 is divided by 267350?
289
Calculate the remainder when 2295486 is divided by 208.
206
Calculate the remainder when 1524671537 is divided by 10.
7
What is the remainder when 70223697 is divided by 39652?
5
Calculate the remainder when 589343 is divided by 547.
224
Calculate the remainder when 203853122 is divided by 1082.
1076
What is the remainder when 3617517 is divided by 1651?
176
Calculate the remainder when 218716 is divided by 14476.
1576
What is the remainder when 47843565 is divided by 826?
819
What is the remainder when 357214 is divided by 15517?
323
What is the remainder when 29395 is divided by 3227?
352
Calculate the remainder when 1151883 is divided by 485.
8
What is the remainder when 1946991 is divided by 66?
57
What is the remainder when 163102094 is divided by 15?
14
Calculate the remainder when 6034697 is divided by 70.
67
What is the remainder when 14878 is divided by 58?
30
Calculate the remainder when 115278730 is divided by 3124.
6
Calculate the remainder when 36536 is divided by 36475.
61
Calculate the remainder when 128439063 is divided by 78.
51
Calculate the remainder when 21373017 is divided by 4.
1
Calculate the remainder when 168070786 is divided by 5908.
2
What is the remainder when 16863 is divided by 781?
462
What is the remainder when 154561 is divided by 24696?
6385
What is the remainder when 2894533 is divided by 1010?
883
What is the remainder when 34977 is divided by 2427?
999
Calculate the remainder when 9297 is divided by 8895.
402
What is the remainder when 10326960 is divided by 1?
0
What is the remainder when 2246944 is divided by 1123435?
74
Calculate the remainder when 324133 is divided by 36007.
70
Calculate the remainder when 14202728 is divided by 138.
44
What is the remainder when 8070442 is divided by 92?
18
What is the remainder when 71134 is divided by 11420?
2614
Calculate the remainder when 21029806 is divided by 3950.
6
What is the remainder when 135880 is divided by 67910?
60
What is the remainder when 151309 is divided by 129?
121
Calculate the remainder when 9335626 is divided by 501.
493
Calculate the remainder when 34962 is divided by 135.
132
Calculate the remainder when 12015 is divided by 3875.
390
Calculate the remainder when 2068123 is divided by 1275.
73
Calculate the remainder when 509293 is divided by 485.
43
Calculate the remainder when 1892220 is divided by 2208.
2172
What is the remainder when 900242 is divided by 42?
14
What is the remainder when 74058703 is divided by 1557?
1555
What is the remainder when 167175408 is divided by 8232?
8184
What is the remainder when 13951199 is divided by 606570?
89
Calculate the remainder when 221272 is divided by 9.
7
Calculate the remainder when 7963138 is divided by 629.
627
Calculate the remainder when 3329 is divided by 3172.
157
What is the remainder when 161374 is divided by 2511?
670
Calculate the remainder when 2259130 is divided by 876.
802
Calculate the remainder when 544214 is divided by 272105.
4
What is the remainder when 717371 is divided by 2707?
16
Calculate the remainder when 27397595 is divided by 1665.
20
Calculate the remainder when 407258186 is divided by 237.
230
Calculate the remainder when 102804294 is divided by 284.
270
Calculate the remainder when 6116777 is divided by 88.
73
Calculate the remainder when 59459 is divided by 5840.
1059
What is the remainder when 335874 is divided by 41980?
34
What is the remainder when 565924 is divided by 1486?
1244
What is the remainder when 29131598 is divided by 87?
83
Calculate the remainder when 1316614 is divided by 476.
474
Calculate the remainder when 196620 is divided by 7.
4
What is the remainder when 718275 is divided by 103?
56
What is the remainder when 378931 is divided by 283?
277
What is the remainder when 9734 is divided by 4762?
210
What is the remainder when 5369635 is divided by 3693?
13
Calculate the remainder when 3316342 is divided by 331628.
62
What is the remainder when 4816556 is divided by 133793?
8
What is the remainder when 43409661 is divided by 1362?
1359
What is the remainder when 12827152 is divided by 2162?
6
What is the remainder when 1078081 is divided by 2364?
97
Calculate the remainder when 2578965 is divided by 169.
25
Calculate the remainder when 238539 is divided by 547.
47
Calculate the remainder when 1278779 is divided by 639376.
27
Calculate the remainder when 4619351 is divided by 439.
193
What is the remainder when 1036287 is divided by 1202?
163
What is the remainder when 34238 is divided by 3601?
1829
Calculate the remainder when 9506085 is divided by 106808.
173
What is the remainder when 21983 is divided by 715?
533
Calculate the remainder when 121242 is divided by 24169.
397
Calculate the remainder when 46898 is divided by 23407.
84
Calculate the remainder when 120087 is divided by 209.
121
Calculate the remainder when 711734 is divided by 1762.
1648
What is the remainder when 1716549 is divided by 972?
969
What is the remainder when 149671 is divided by 49543?
1042
What is the remainder when 2258579 is divided by 2375?
2329
Calculate the rema